{"id":7585,"date":"2018-05-24T13:37:49","date_gmt":"2018-05-24T13:37:49","guid":{"rendered":"https:\/\/www.treatwell.de\/inspiration\/?page_id=7585"},"modified":"2018-05-30T10:20:45","modified_gmt":"2018-05-30T10:20:45","slug":"paypal","status":"publish","type":"page","link":"https:\/\/www.treatwell.at/inspiration\/paypal\/","title":{"rendered":"PayPal"},"content":{"rendered":"<h1 style=\"text-align: left\"><\/h1>\n<p>&nbsp;<\/p>\n<p>\u00a0Friseur &amp; Beauty<\/p>\n<h1 style=\"text-align: left\">einfach sch\u00f6ner<\/h1>\n<h1 style=\"text-align: left\">\u00a0buchen<\/h1>\n<h1 style=\"text-align: left\">Entdecke unsere<\/h1>\n<h1 style=\"text-align: left\">Angebote<\/h1>\n<h2>\n\t\tEntdecke Beauty-Termine<br \/>\n\t<\/h2>\n<h2>\n\t\t20% Rabatt mit PayPal<br \/>\n\t<\/h2>\n<p style=\"text-align: justify\">Suchst du einen Beauty-Experten\u00a0in deiner Stadt? Auf Treatwell.de findest du die Friseure, Kosmetik-, Waxing-, Nagel- und Massagestudios in deiner\u00a0N\u00e4he und kannst direkt einen Termin buchen &#8211; wunderbar einfach und schnell, rund um die Uhr, egal wo du bist.<\/p>\n<h3>\n\t\tTop Behandlungen<br \/>\n\t<\/h3>\n<p>\t\t\t\t<a href=\"https:\/\/www.treatwell.de\/orte\/behandlung-gruppe-friseur\/angebot-typ-lokal\/in-berlin-de\/ordnen-beliebteste-aufsteigend\/\" target=\"_self\"><br \/>\n\t\t\t\t<img decoding=\"async\" src=\"https:\/\/de-de.twinspiration.wpengine.treatwell.com\/wp-content\/uploads\/sites\/7\/2018\/03\/Landingpage_WeddingPrep_MP_v02_36.jpg\" alt=\"Landingpage_WeddingPrep_MP_v02_36\" \/><br \/>\n\t\t\t\t<\/a><\/p>\n<h3>Damenhaarschnitt<\/h3>\n<p>Schneiden, F\u00e4rben, F\u00f6hnen&#8230; Hier findest du alle Angebote.<\/p>\n<p>\t\t\t<a href=\"https:\/\/www.treatwell.at\/orte\/behandlung-damenhaarschnitt\/angebot-typ-lokal\/in-at\/?mkt_params=GC~x_LC~paypal18_PM~LP-slot_CM~weddinghair\" target=\"_self\" role=\"button\"><br \/>\n\t\t\t\t\t\t\tJetzt buchen<br \/>\n\t\t\t\t\t<\/a><br \/>\n\t\t\t\t<a href=\"https:\/\/www.treatwell.de\/orte\/behandlung-gruppe-friseur\/angebot-typ-lokal\/in-hamburg-de\/ordnen-beliebteste-aufsteigend\/\" target=\"_self\"><br \/>\n\t\t\t\t<img decoding=\"async\" src=\"https:\/\/de-de.twinspiration.wpengine.treatwell.com\/wp-content\/uploads\/sites\/7\/2018\/03\/lighter-gold.jpg\" alt=\"Slot 01\" \/><br \/>\n\t\t\t\t<\/a><\/p>\n<h3>Waxing<\/h3>\n<p>Du magst es lieber glatt f\u00fcr den Sommer? Finde alle Angebote.<\/p>\n<p>\t\t\t<a href=\"https:\/\/www.treatwell.at\/orte\/behandlung-gruppe-haarentfernung\/angebot-typ-lokal\/in-at\/?mkt_params=GC~x_LC~paypal18_PM~LP-slot_CM~weddingwax\" target=\"_self\" role=\"button\"><br \/>\n\t\t\t\t\t\t\tJetzt buchen<br \/>\n\t\t\t\t\t<\/a><br \/>\n\t\t\t\t<a href=\"https:\/\/www.treatwell.de\/orte\/behandlung-gruppe-friseur\/angebot-typ-lokal\/in-muenchen-de\/ordnen-beliebteste-aufsteigend\/\" target=\"_self\"><br \/>\n\t\t\t\t<img decoding=\"async\" src=\"https:\/\/de-de.twinspiration.wpengine.treatwell.com\/wp-content\/uploads\/sites\/7\/2018\/03\/Landingpage_WeddingPrep_UK_LC_46-1.jpg\" alt=\"Landingpage_WeddingPrep_UK_LC_46\" \/><br \/>\n\t\t\t\t<\/a><\/p>\n<h3>M\u00e4nnerhaarschnitt<\/h3>\n<p>Mehr Zeit in der Sonne. Online Termin vereinbaren und ab in den Sommer.<\/p>\n<p>\t\t\t<a href=\"https:\/\/www.treatwell.at\/orte\/behandlung-maennerhaarschnitte\/angebot-typ-lokal\/in-at\/?mkt_params=GC~x_LC~paypal18_PM~LP-slot_CM~weddingmenshair\" target=\"_self\" role=\"button\"><br \/>\n\t\t\t\t\t\t\tJetzt buchen<br \/>\n\t\t\t\t\t<\/a><br \/>\n\t\t\t\t<img decoding=\"async\" src=\"https:\/\/de-de.twinspiration.wpengine.treatwell.com\/wp-content\/uploads\/sites\/7\/2018\/05\/Landingpage_WeddingPrep_MP_v02_36.jpg\" alt=\"Landingpage_WeddingPrep_MP_v02_36\" \/><\/p>\n<p style=\"text-align: center\">Damenhaarschnitt<\/p>\n<p>Schneiden, F\u00e4rben, F\u00f6hnen&#8230; Hier findest du alle Angebote.<\/p>\n<p>\t\t\t<a href=\"https:\/\/www.treatwell.at\/orte\/behandlung-damenhaarschnitt\/angebot-typ-lokal\/in-at\/?mkt_params=GC~x_LC~paypal18_PM~LP-slot_CM~weddinghair\" target=\"_self\" role=\"button\"><br \/>\n\t\t\t\t\t\t\tJetzt buchen<br \/>\n\t\t\t\t\t<\/a><br \/>\n\t\t\t\t<img decoding=\"async\" src=\"https:\/\/de-de.twinspiration.wpengine.treatwell.com\/wp-content\/uploads\/sites\/7\/2018\/03\/15-1.jpg\" alt=\"15 (1)\" \/><\/p>\n<p style=\"text-align: center\">Manik\u00fcre<\/p>\n<p>Sch\u00f6ne N\u00e4gel f\u00fcr einen hinrei\u00dfenden Sommer-Look.<\/p>\n<p>\t\t\t<a href=\"https:\/\/www.treatwell.at\/orte\/behandlung-manikuere\/angebot-typ-lokal\/in-at\/?mkt_params=GC~x_LC~paypal18_PM~LP-slot_CM~weddingnails\" target=\"_self\" role=\"button\"><br \/>\n\t\t\t\t\t\t\tJetzt buchen<br \/>\n\t\t\t\t\t<\/a><br \/>\n\t\t\t\t<img decoding=\"async\" src=\"https:\/\/de-de.twinspiration.wpengine.treatwell.com\/wp-content\/uploads\/sites\/7\/2018\/03\/lighter-gold.jpg\" alt=\"Slot 01\" \/><\/p>\n<p style=\"text-align: center\">Waxing<\/p>\n<p>Du magst es lieber glatt f\u00fcr den Sommer? Finde alle Angebote.<\/p>\n<p>\t\t\t<a href=\"https:\/\/www.treatwell.at\/orte\/behandlung-gruppe-haarentfernung\/angebot-typ-lokal\/in-at\/?mkt_params=GC~x_LC~paypal18_PM~LP-slot_CM~weddingwax\" target=\"_self\" role=\"button\"><br \/>\n\t\t\t\t\t\t\tJetzt buchen<br \/>\n\t\t\t\t\t<\/a><br \/>\n\t\t\t\t<img decoding=\"async\" src=\"https:\/\/de-de.twinspiration.wpengine.treatwell.com\/wp-content\/uploads\/sites\/7\/2018\/03\/18.jpg\" alt=\"18\" \/><\/p>\n<p style=\"text-align: center\">Pedik\u00fcre<\/p>\n<p>Deine n\u00e4chste\u00a0Pedik\u00fcre ist nur ein paar Klicks entfernt.<\/p>\n<p>\t\t\t<a href=\"https:\/\/www.treatwell.at\/orte\/behandlung-pedikuere\/angebot-typ-lokal\/in-at\/?mkt_params=GC~x_LC~paypal18_PM~LP-slot_CM~weddingskin\" target=\"_self\" role=\"button\"><br \/>\n\t\t\t\t\t\t\tJetzt buchen<br \/>\n\t\t\t\t\t<\/a><br \/>\n\t\t\t\t<img decoding=\"async\" src=\"https:\/\/de-de.twinspiration.wpengine.treatwell.com\/wp-content\/uploads\/sites\/7\/2018\/03\/Landingpage_WeddingPrep_UK_LC_46-1.jpg\" alt=\"Landingpage_WeddingPrep_UK_LC_46\" \/><\/p>\n<p style=\"text-align: center\">M\u00e4nnerhaarschnitt<\/p>\n<p>Mehr Zeit in der Sonne. Online Termin vereinbaren und ab in den Sommer.<\/p>\n<p>\t\t\t<a href=\"https:\/\/www.treatwell.at\/orte\/behandlung-maennerhaarschnitte\/angebot-typ-lokal\/in-at\/?mkt_params=GC~x_LC~paypal18_PM~LP-slot_CM~weddingmenshair\" target=\"_self\" role=\"button\"><br \/>\n\t\t\t\t\t\t\tJetzt buchen<br \/>\n\t\t\t\t\t<\/a><br \/>\n\t\t\t\t<img decoding=\"async\" src=\"https:\/\/de-de.twinspiration.wpengine.treatwell.com\/wp-content\/uploads\/sites\/7\/2018\/03\/Landingpage_WeddingPrep_MP_v02_30.jpg\" alt=\"Landingpage_WeddingPrep_MP_v02_30\" \/><\/p>\n<p style=\"text-align: center\">Gesicht<\/p>\n<p>Wimpernwelle, Augenbrauen f\u00e4rben oder lieber eine Gesichtsbehandlung?<\/p>\n<p>\t\t\t<a href=\"https:\/\/www.treatwell.at\/orte\/behandlung-gruppe-gesicht\/angebot-typ-lokal\/in-at\/?mkt_params=GC~x_LC~paypal18_PM~LP-slot_CM~weddingskin\" target=\"_self\" role=\"button\"><br \/>\n\t\t\t\t\t\t\tJetzt buchen<br \/>\n\t\t\t\t\t<\/a><\/p>\n","protected":false},"excerpt":{"rendered":"<p>&nbsp; \u00a0Friseur &amp; Beauty einfach sch\u00f6ner \u00a0buchen Entdecke unsere Angebote Entdecke Beauty-Termine 20% Rabatt mit PayPal Suchst du einen Beauty-Experten\u00a0in deiner Stadt? Auf Treatwell.de findest du die Friseure, Kosmetik-, Waxing-, Nagel- und Massagestudios in deiner\u00a0N\u00e4he und kannst direkt einen Termin buchen &#8211; wunderbar einfach und schnell, rund um die Uhr, egal wo du bist. Top&hellip;<\/p>\n","protected":false},"author":113,"featured_media":7528,"parent":0,"menu_order":0,"comment_status":"closed","ping_status":"closed","template":"","meta":{"inline_featured_image":false,"footnotes":""},"class_list":["post-7585","page","type-page","status-publish","has-post-thumbnail","hentry"],"yoast_head":"<!-- This site is optimized with the Yoast SEO plugin v27.5 - https:\/\/yoast.com\/product\/yoast-seo-wordpress\/ -->\n<title>Friseur und Beauty \u2013 Termine einfach online buchen<\/title>\n<meta name=\"description\" content=\"Suchst du einen Beauty-Experten in deiner Stadt? Auf Treatwell.de findest du alle Beauty-Termine. Deine n\u00e4chste Behandlung ist nur ein paar Klicks entfernt.\" \/>\n<meta name=\"robots\" content=\"index, follow, max-snippet:-1, max-image-preview:large, max-video-preview:-1\" \/>\n<link rel=\"canonical\" href=\"https:\/\/www.treatwell.at/inspiration\/paypal\/\" \/>\n<meta property=\"og:locale\" content=\"de_DE\" \/>\n<meta property=\"og:type\" content=\"article\" \/>\n<meta property=\"og:title\" content=\"Friseur und Beauty \u2013 Termine einfach online buchen\" \/>\n<meta property=\"og:description\" content=\"Suchst du einen Beauty-Experten in deiner Stadt? Auf Treatwell.de findest du alle Beauty-Termine. Deine n\u00e4chste Behandlung ist nur ein paar Klicks entfernt.\" \/>\n<meta property=\"og:url\" content=\"https:\/\/www.treatwell.at/inspiration\/paypal\/\" \/>\n<meta property=\"og:site_name\" content=\"Treatwell AT\" \/>\n<meta property=\"article:modified_time\" content=\"2018-05-30T10:20:45+00:00\" \/>\n<meta property=\"og:image\" content=\"https:\/\/www.treatwell.at/inspiration\/wp-content\/uploads\/sites\/5\/2018\/05\/GLO_SummerCampaign_homepage_hero_YL_v01-2.jpg\" \/>\n\t<meta property=\"og:image:width\" content=\"1600\" \/>\n\t<meta property=\"og:image:height\" content=\"747\" \/>\n\t<meta property=\"og:image:type\" content=\"image\/jpeg\" \/>\n<meta name=\"twitter:card\" content=\"summary_large_image\" \/>\n<meta name=\"twitter:label1\" content=\"Gesch\u00e4tzte Lesezeit\" \/>\n\t<meta name=\"twitter:data1\" content=\"1 Minute\" \/>\n<script type=\"application\/ld+json\" class=\"yoast-schema-graph\">{\"@context\":\"https:\\\/\\\/schema.org\",\"@graph\":[{\"@type\":\"WebPage\",\"@id\":\"https:\\\/\\\/www.treatwell.at/inspiration\\\/paypal\\\/\",\"url\":\"https:\\\/\\\/www.treatwell.at/inspiration\\\/paypal\\\/\",\"name\":\"Friseur und Beauty \u2013 Termine einfach online buchen\",\"isPartOf\":{\"@id\":\"https:\\\/\\\/www.treatwell.at/inspiration\\\/#website\"},\"primaryImageOfPage\":{\"@id\":\"https:\\\/\\\/www.treatwell.at/inspiration\\\/paypal\\\/#primaryimage\"},\"image\":{\"@id\":\"https:\\\/\\\/www.treatwell.at/inspiration\\\/paypal\\\/#primaryimage\"},\"thumbnailUrl\":\"https:\\\/\\\/www.treatwell.at/inspiration\\\/wp-content\\\/uploads\\\/sites\\\/5\\\/2018\\\/05\\\/GLO_SummerCampaign_homepage_hero_YL_v01-2.jpg\",\"datePublished\":\"2018-05-24T13:37:49+00:00\",\"dateModified\":\"2018-05-30T10:20:45+00:00\",\"description\":\"Suchst du einen Beauty-Experten in deiner Stadt? Auf Treatwell.de findest du alle Beauty-Termine. Deine n\u00e4chste Behandlung ist nur ein paar Klicks entfernt.\",\"breadcrumb\":{\"@id\":\"https:\\\/\\\/www.treatwell.at/inspiration\\\/paypal\\\/#breadcrumb\"},\"inLanguage\":\"de-DE\",\"potentialAction\":[{\"@type\":\"ReadAction\",\"target\":[\"https:\\\/\\\/www.treatwell.at/inspiration\\\/paypal\\\/\"]}]},{\"@type\":\"ImageObject\",\"inLanguage\":\"de-DE\",\"@id\":\"https:\\\/\\\/www.treatwell.at/inspiration\\\/paypal\\\/#primaryimage\",\"url\":\"https:\\\/\\\/www.treatwell.at/inspiration\\\/wp-content\\\/uploads\\\/sites\\\/5\\\/2018\\\/05\\\/GLO_SummerCampaign_homepage_hero_YL_v01-2.jpg\",\"contentUrl\":\"https:\\\/\\\/www.treatwell.at/inspiration\\\/wp-content\\\/uploads\\\/sites\\\/5\\\/2018\\\/05\\\/GLO_SummerCampaign_homepage_hero_YL_v01-2.jpg\",\"width\":1600,\"height\":747},{\"@type\":\"BreadcrumbList\",\"@id\":\"https:\\\/\\\/www.treatwell.at/inspiration\\\/paypal\\\/#breadcrumb\",\"itemListElement\":[{\"@type\":\"ListItem\",\"position\":1,\"name\":\"Home\",\"item\":\"https:\\\/\\\/www.treatwell.at/inspiration\\\/\"},{\"@type\":\"ListItem\",\"position\":2,\"name\":\"PayPal\"}]},{\"@type\":\"WebSite\",\"@id\":\"https:\\\/\\\/www.treatwell.at/inspiration\\\/#website\",\"url\":\"https:\\\/\\\/www.treatwell.at/inspiration\\\/\",\"name\":\"Treatwell AT\",\"description\":\"\",\"potentialAction\":[{\"@type\":\"SearchAction\",\"target\":{\"@type\":\"EntryPoint\",\"urlTemplate\":\"https:\\\/\\\/www.treatwell.at/inspiration\\\/?s={search_term_string}\"},\"query-input\":{\"@type\":\"PropertyValueSpecification\",\"valueRequired\":true,\"valueName\":\"search_term_string\"}}],\"inLanguage\":\"de-DE\"}]}<\/script>\n<!-- \/ Yoast SEO plugin. -->","yoast_head_json":{"title":"Friseur und Beauty \u2013 Termine einfach online buchen","description":"Suchst du einen Beauty-Experten in deiner Stadt? Auf Treatwell.de findest du alle Beauty-Termine. Deine n\u00e4chste Behandlung ist nur ein paar Klicks entfernt.","robots":{"index":"index","follow":"follow","max-snippet":"max-snippet:-1","max-image-preview":"max-image-preview:large","max-video-preview":"max-video-preview:-1"},"canonical":"https:\/\/www.treatwell.at/inspiration\/paypal\/","og_locale":"de_DE","og_type":"article","og_title":"Friseur und Beauty \u2013 Termine einfach online buchen","og_description":"Suchst du einen Beauty-Experten in deiner Stadt? Auf Treatwell.de findest du alle Beauty-Termine. Deine n\u00e4chste Behandlung ist nur ein paar Klicks entfernt.","og_url":"https:\/\/www.treatwell.at/inspiration\/paypal\/","og_site_name":"Treatwell AT","article_modified_time":"2018-05-30T10:20:45+00:00","og_image":[{"width":1600,"height":747,"url":"https:\/\/www.treatwell.at/inspiration\/wp-content\/uploads\/sites\/5\/2018\/05\/GLO_SummerCampaign_homepage_hero_YL_v01-2.jpg","type":"image\/jpeg"}],"twitter_card":"summary_large_image","twitter_misc":{"Gesch\u00e4tzte Lesezeit":"1 Minute"},"schema":{"@context":"https:\/\/schema.org","@graph":[{"@type":"WebPage","@id":"https:\/\/www.treatwell.at/inspiration\/paypal\/","url":"https:\/\/www.treatwell.at/inspiration\/paypal\/","name":"Friseur und Beauty \u2013 Termine einfach online buchen","isPartOf":{"@id":"https:\/\/www.treatwell.at/inspiration\/#website"},"primaryImageOfPage":{"@id":"https:\/\/www.treatwell.at/inspiration\/paypal\/#primaryimage"},"image":{"@id":"https:\/\/www.treatwell.at/inspiration\/paypal\/#primaryimage"},"thumbnailUrl":"https:\/\/www.treatwell.at/inspiration\/wp-content\/uploads\/sites\/5\/2018\/05\/GLO_SummerCampaign_homepage_hero_YL_v01-2.jpg","datePublished":"2018-05-24T13:37:49+00:00","dateModified":"2018-05-30T10:20:45+00:00","description":"Suchst du einen Beauty-Experten in deiner Stadt? Auf Treatwell.de findest du alle Beauty-Termine. Deine n\u00e4chste Behandlung ist nur ein paar Klicks entfernt.","breadcrumb":{"@id":"https:\/\/www.treatwell.at/inspiration\/paypal\/#breadcrumb"},"inLanguage":"de-DE","potentialAction":[{"@type":"ReadAction","target":["https:\/\/www.treatwell.at/inspiration\/paypal\/"]}]},{"@type":"ImageObject","inLanguage":"de-DE","@id":"https:\/\/www.treatwell.at/inspiration\/paypal\/#primaryimage","url":"https:\/\/www.treatwell.at/inspiration\/wp-content\/uploads\/sites\/5\/2018\/05\/GLO_SummerCampaign_homepage_hero_YL_v01-2.jpg","contentUrl":"https:\/\/www.treatwell.at/inspiration\/wp-content\/uploads\/sites\/5\/2018\/05\/GLO_SummerCampaign_homepage_hero_YL_v01-2.jpg","width":1600,"height":747},{"@type":"BreadcrumbList","@id":"https:\/\/www.treatwell.at/inspiration\/paypal\/#breadcrumb","itemListElement":[{"@type":"ListItem","position":1,"name":"Home","item":"https:\/\/www.treatwell.at/inspiration\/"},{"@type":"ListItem","position":2,"name":"PayPal"}]},{"@type":"WebSite","@id":"https:\/\/www.treatwell.at/inspiration\/#website","url":"https:\/\/www.treatwell.at/inspiration\/","name":"Treatwell AT","description":"","potentialAction":[{"@type":"SearchAction","target":{"@type":"EntryPoint","urlTemplate":"https:\/\/www.treatwell.at/inspiration\/?s={search_term_string}"},"query-input":{"@type":"PropertyValueSpecification","valueRequired":true,"valueName":"search_term_string"}}],"inLanguage":"de-DE"}]}},"_links":{"self":[{"href":"https:\/\/www.treatwell.at\/inspiration\/wp-json\/wp\/v2\/pages\/7585","targetHints":{"allow":["GET"]}}],"collection":[{"href":"https:\/\/www.treatwell.at\/inspiration\/wp-json\/wp\/v2\/pages"}],"about":[{"href":"https:\/\/www.treatwell.at\/inspiration\/wp-json\/wp\/v2\/types\/page"}],"author":[{"embeddable":true,"href":"https:\/\/www.treatwell.at\/inspiration\/wp-json\/wp\/v2\/users\/113"}],"replies":[{"embeddable":true,"href":"https:\/\/www.treatwell.at\/inspiration\/wp-json\/wp\/v2\/comments?post=7585"}],"version-history":[{"count":0,"href":"https:\/\/www.treatwell.at\/inspiration\/wp-json\/wp\/v2\/pages\/7585\/revisions"}],"wp:featuredmedia":[{"embeddable":true,"href":"https:\/\/www.treatwell.at\/inspiration\/wp-json\/wp\/v2\/media\/7528"}],"wp:attachment":[{"href":"https:\/\/www.treatwell.at\/inspiration\/wp-json\/wp\/v2\/media?parent=7585"}],"curies":[{"name":"wp","href":"https:\/\/api.w.org\/{rel}","templated":true}]}}