{"id":8447,"date":"2018-12-14T15:37:44","date_gmt":"2018-12-14T15:37:44","guid":{"rendered":"https:\/\/www.treatwell.at\/inspiration\/?page_id=8447"},"modified":"2018-12-19T11:07:55","modified_gmt":"2018-12-19T11:07:55","slug":"social-media-geschaftsbedingungen","status":"publish","type":"page","link":"https:\/\/www.treatwell.at/inspiration\/social-media-geschaftsbedingungen\/","title":{"rendered":"Allgemeine Gewinnspielbedingungen f\u00fcr Gewinnspiele via Social Media von Treatwell"},"content":{"rendered":"<p><strong>Allgemeine Gewinnspielbedingungen f\u00fcr Gewinnspiele via Social Media von Treatwell<\/strong><\/p>\n<p>Bitte lesen Sie diese anwendbaren Allgemeinen Gewinnspielbedingungen f\u00fcr Gewinnspiele via Social Media sorgf\u00e4ltig durch, bevor Sie an einem Treatwell-Gewinnspiel \u00fcber Social Media (ein &#8222;Social Gewinnspiel&#8220;) teilnehmen. Wenn Sie mit diesen Allgemeinen Gewinnspielbedingungen f\u00fcr Gewinnspiele via Social Media nicht einverstanden sind, d\u00fcrfen Sie nicht an einem Social Gewinnspiel teilnehmen. Bitte beachten Sie, dass unsere Allgemeinen Gesch\u00e4ftsbedingungen, wie unter <a href=\"http:\/\/www.treatwell.at\/info\/nutzungsbedingungen\/\">www.treatwell.at\/info\/nutzungsbedingungen\/<\/a>  beschrieben, weiterhin f\u00fcr Ihre Nutzung von <a href=\"http:\/\/www.treatwell.at\">www.treatwell.at<\/a> (die &#8222;<strong>Website<\/strong>&#8222;) und der Treatwell-Marktplatzanwendung (die &#8222;<strong>App<\/strong>&#8222;) sowie f\u00fcr alle Buchungen, die Sie entweder auf der Website oder in der App vornehmen, gelten. Der Veranstalter jedes Social Gewinnspiels ist Treatwell DACH GmbH Zweigniederlassung, (t\/a Treatwell Badhausgasse 18-20, Top 1-3 Lerchenfelderstra\u00dfe 95-97 1070 Wien (&#8222;<strong>Treatwell<\/strong>&#8222;).<\/p>\n<p><strong>TEILNAHMEBEDINGUNGEN:<\/strong>  An den Social Gewinnspielen k\u00f6nnen Einwohner von \u00d6sterreich ab 18 Jahren teilnehmen. Die Teilnehmer m\u00fcssen die Schritte, die in dem Social Gewinnspiel-Beitrag (der &#8222;<strong>Beitrag<\/strong>&#8222;) beschrieben sind, erfolgreich absolvieren, um zu gewinnen. Daher ben\u00f6tigen die Teilnehmer ein Konto auf der Social Media Plattform, die f\u00fcr das jeweilige Social Gewinnspiel genutzt wird. Der Beitrag legt die Frist f\u00fcr die Teilnahme am Social Gewinnspiel, die Anzahl der Gewinner (der\/die &#8222;<strong>Gewinner<\/strong>&#8222;) und den Zeitpunkt der Bekanntgabe des\/der Gewinner(s) fest. Wenn Likes, Markierungen und\/oder Kommentare Teil der in dem Beitrag dargelegten Anweisungen des Teilnehmers sind, m\u00fcssen solche Likes, Markierungen und\/oder Kommentare auf dem urspr\u00fcnglichen Beitrag von Treatwell gemacht werden, damit der Teilnehmer gewinnberechtigt ist, und alle Likes, Markierungen und\/oder Kommentare, die auf einem kopierten oder geteilten Beitrag oder anderweitig nicht auf dem urspr\u00fcnglichen Beitrag gemacht wurden, werden nicht gez\u00e4hlt. Social Gewinnspiele schlie\u00dfen Mitarbeiter von Treatwell und ihre unmittelbaren Familienangeh\u00f6rigen sowie alle Personen aus, die beruflich mit diesem Social Gewinnspiel verbunden sind. Der\/die Gewinner kann\/k\u00f6nnen aufgefordert werden, einen Ausweis vorzulegen. Es ist kein Kauf von Produkten oder Bezug von Dienstleistung erforderlich. Eingaben von H\u00e4ndlern, Verbrauchergruppen, Dritten, Vertretern oder automatisch vom Computer generierten Eingaben werden nicht akzeptiert. Keine Masseneingaben. <\/p>\n<p>Mit der Teilnahme an diesem Social Gewinnspiel erkl\u00e4ren Sie sich damit einverstanden, dass Sie Instagram und\/oder Facebook von jeglicher Verantwortung im Zusammenhang mit diesem Social Gewinnspiel freistellen. Dieses Social Gewinnspiel wird in keiner Weise von Instagram und\/oder Facebook gesponsert, unterst\u00fctzt oder organisiert oder mit Instagram und\/oder Facebook verbunden.<\/p>\n<p><strong>DER GEWINN:<\/strong> Der\/die Gewinner sind berechtigt, einen Gewinn zu erhalten, dessen Einzelheiten in dem Beitrag aufgef\u00fchrt sind (der &#8222;Gewinn&#8220;). Es k\u00f6nnen ein oder mehrere Gewinne verf\u00fcgbar sein, die, wie in dem Beitrag beschrieben, vergeben werden. Der\/die Gewinner wird\/werden nach dem Zufallsprinzip aus allen teilnahmeberechtigten Eingaben auf den Beitrag ausgew\u00e4hlt.<\/p>\n<p>Wenn der Gewinn aus einem Treatwell-Geschenkgutschein besteht, m\u00fcssen alle Treatwell-Geschenkgutscheine innerhalb von 5 jahreneingel\u00f6st werden. Die Gewinne m\u00fcssen immer \u00fcber Treatwell innerhalb einer begrenzten Zeit eingel\u00f6st werden, wie es dem\/den Gewinner(n) erkl\u00e4rt wird. Gewinne k\u00f6nnen nicht in Verbindung mit anderen Angeboten eingel\u00f6st werden. Barauszahlung des Gutscheins ist ausgeschlossen. Treatwell beh\u00e4lt sich das Recht vor, einen Gewinn durch einen anderen mit gleichem Wert zu ersetzen. Geschenkgutscheine sind nicht \u00fcbertragbar.<\/p>\n<p>Besteht ein Gewinn aus einem Ware, wird\/werden der\/die Gewinn(e) dem\/den Gewinner(n) innerhalb von zwei Wochen nach der \u00dcbermittlung ihrer Adresse an Treatwell zugeschickt. Ein Gewinn wird nur an eine Adresse im \u00d6sterreich geliefert. Treatwell ist nicht verantwortlich f\u00fcr einen nicht zugestellten Gewinn\/nicht zugestellte Gewinne, Verz\u00f6gerungen oder M\u00e4ngel bei der Lieferung aus irgendeinem Grund, einschlie\u00dflich, aber nicht beschr\u00e4nkt auf Streiks, Besch\u00e4digung oder Verlust des\/der Gewinns\/Gewinne. Treatwell ist nicht verantwortlich f\u00fcr die Nichtlieferung, wenn die von Ihnen angegebene Adresse falsch ist oder aus irgendeinem Grund nicht geliefert werden kann, einschlie\u00dflich wenn niemand verf\u00fcgbar ist, um einen Gewinn bei Lieferung entgegenzunehmen. Treatwell \u00fcbernimmt keine Verantwortung f\u00fcr Verletzungen, Verluste oder Sch\u00e4den, die sich aus dem\/den Gewinn(en) ergeben, die durch Allergien oder Gesundheitsprobleme im Zusammenhang mit einem Gewinn verursacht wurden, und es liegt ausschlie\u00dflich in der Verantwortung des\/der Gewinner(s), das\/die Produkt(e) in dem\/den Gewinn(en) vor der Verwendung zu testen<\/p>\n<p> Wenn ein Gewinn aus einer bestimmten Behandlung oder Dienstleistung besteht, h\u00e4ngt das Datum, an dem dieser Gewinn eingel\u00f6st werden kann, von der Verf\u00fcgbarkeit und den spezifischen Bedingungen des Partners ab, bei dem der Gewinn vergeben wird. Sollte(n) der\/die Gewinner eine Behandlung w\u00e4hlen wollen, die \u00fcber dem Wert des gewonnenen Gewinns liegt, ist er\/sind sie verpflichtet, die Differenz zu zahlen, um den Gesamtbetrag der Buchung zu erreichen. Es liegt in der alleinigen Verantwortung des\/der Gewinner(s), vor Erhalt eines Gewinns \u00fcber medizinische oder gesundheitliche Probleme und\/oder besondere Bed\u00fcrfnisse des\/der Empf\u00e4nger(s) dieses Gewinns zu informieren, die den Gewinn beeinflussen oder von ihm betroffen sein k\u00f6nnten (z.B. und ohne Einschr\u00e4nkung Allergien und Gesundheitsprobleme). Vorbehaltlich dieser Bedingungen haften weder Treatwell noch der Partner gegen\u00fcber dem\/den Gewinner(n) (oder anderen Empf\u00e4ngern eines Gewinns) f\u00fcr Verletzungen, Verluste oder Sch\u00e4den, die sich aus einem Gewinn ergeben, der\/die vern\u00fcnftigerweise h\u00e4tten vermieden werden k\u00f6nnen, wenn der\/die Gewinner (oder andere Empf\u00e4nger eines Preises) diese Informationen vor Erhalt des Preises weitergegeben h\u00e4tte(n).<\/p>\n<p><strong>GEWINNERAUSWAHL: <\/strong><br \/>\nDer\/die Gewinner wird\/werden immer in zuf\u00e4lligen Ziehungen ausgew\u00e4hlt, die nach Abschluss des Social Gewinnspiels stattfinden. Er\/sie wird\/werden bis zu dem in dem Beitrag angegebenen Zeitpunkt als der\/die Gewinner auf dem urspr\u00fcnglichen Beitrag von Treatwell bekannt gegeben. Der\/die Gewinner muss\/m\u00fcssen innerhalb der in dem Beitrag angegebenen Frist antworten, um den\/die Gewinn(e) anzunehmen, ansonsten ist dieser Gewinn nicht mehr zur Annahme offen und wird jemand anderem angeboten. Der\/die Gewinner muss\/m\u00fcssen mit seinem\/ihrem vollst\u00e4ndigen Namen und seiner\/ihrer E-Mail-Adresse (und, falls f\u00fcr den Erhalt seines\/ihres Gewinns erforderlich, seiner\/ihrer Adresse) antworten, um den Gewinn zu erhalten. Wenn eine Adresse erforderlich ist, um einen Gewinn an einen Gewinner zu senden, verf\u00e4llt der Gewinn, wenn eine Adresse au\u00dferhalb von \u00d6sterreich angegeben wird. Die Einl\u00f6sung eines Gewinns steht unter dem Vorbehalt der Verf\u00fcgbarkeit und kann nach Ermessen von Treatwell durch einen gleichwertigen Gewinn ausgetauscht werden.<\/p>\n<p><strong>DATENSCHUTZ:<\/strong>  Wenn Sie sich f\u00fcr die Teilnahme an einem Social Gewinnspiel entscheiden und als Gewinner ausgew\u00e4hlt werden, wird Treatwell Sie bitten, Ihren vollst\u00e4ndigen Namen und Ihre E-Mail-Adresse anzugeben sowie gegebenenfalls Ihre Postanschrift, falls dies erforderlich ist, damit Ihnen ein Gewinn zugestellt werden kann. Wenn Sie kein Treatwell-Konto haben, m\u00fcssen Sie vor Erhalt Ihres Gewinns ein Konto einrichten und Treatwell die E-Mail-Adresse mitteilen, mit der Sie sich angemeldet haben. Die personenbezogenen Daten werden von Treatwell als Verantwortliche in \u00dcbereinstimmung mit den Datenschutz- und Cookie-Richtlinien von Treatwell, die Sie hier finden, erhoben, verarbeitet und verwendet: <a href=\"http:\/\/www.treatwell.at\/info\/datenschutzrichtlinien\">www.treatwell.at\/info\/datenschutzrichtlinien<\/a>. Wir verwenden die von Ihnen angegebenen personenbezogenen Daten, um Sie im Zusammenhang mit dem Gewinnspiel zu kontaktieren und Ihnen, sofern zutreffend, den\/die Gewinn(e) zuzusenden. Die Rechtsgrundlage f\u00fcr diese Datenverarbeitung ist Art. 6 Absatz 1 lit. b EU Datenschutz-Grundverordnung. <\/p>\n<p>F\u00fcr den Fall, dass ein Social Gewinnspiel in Zusammenarbeit mit einem Drittendurchgef\u00fchrt wird, werden wir Sie dar\u00fcber in dem Beitrag informieren. Soweit es f\u00fcr die Bereitstellung des\/der Gewinns\/Gewinne an den\/die Gewinner erforderlich ist, m\u00fcssen wir Ihre personenbezogenen Daten m\u00f6glicherweise an den Dritten weitergeben, mit dem wir zusammengearbeitet haben, aber dies geschieht nur, wenn der\/die Gewinn(e) direkt von der kooperierenden Marke gesendet werden muss\/m\u00fcssen oder wenn der\/die Gewinn(e) direkt mit der kooperierenden Marke eingel\u00f6st werden muss\/m\u00fcssen. Details hierzu werden Sie in dem Beitrag immer gesondert erw\u00e4hnt.<\/p>\n<p><strong>HAFTUNGSBESCHR\u00c4NKUNG:<\/strong> Treatwell kann nicht f\u00fcr den Nicht-Erhalt von Eingaben aufgrund von technischen Problemen oder Netzschwierigkeiten haftbar gemacht werden. Der Versandnachweis gilt nicht als Nachweis der Zustellung. Mit der Teilnahme am Social Gewinnspiel erkl\u00e4ren Sie sich damit einverstanden, dass Sie auf eigenes Risiko teilnehmen. <\/p>\n<p>Abgesehen davon, dass Treatwell seine Haftung f\u00fcr Personensch\u00e4den oder Tod, die durch Fahrl\u00e4ssigkeit verursacht wurden, oder f\u00fcr betr\u00fcgerische Falschdarstellungen oder andere Haftungen, die gesetzlich nicht beschr\u00e4nkt oder ausgeschlossen werden k\u00f6nnen, nicht ausschlie\u00dft oder einschr\u00e4nkt, \u00fcbernimmt Treatwell keine Haftung in Bezug auf die Teilnahme einer Person (oder die Unf\u00e4higkeit zur Teilnahme) an einem Social Gewinnspiel, soweit dies gesetzlich zul\u00e4ssig ist, einschlie\u00dflich direkter, indirekter, zuf\u00e4lliger, Folge- oder sonstiger Sch\u00e4den, die mit einem Social Gewinnspiel oder Ihrer Teilnahme an einem Social Gewinnspiel zusammenh\u00e4ngen oder sich daraus ergeben.<\/p>\n<p><strong>SALVATORISCHE KLAUSEL: <\/strong> Sollte sich herausstellen, dass ein Teil dieser Allgemeinen Gewinnspielbedingungen f\u00fcr Gewinnspiele via Social Media rechtlich nicht durchsetzbar ist, bleiben alle anderen Teile dieser Allgemeinen Gewinnspielbedingungen f\u00fcr Gewinnspiele via Social Media unber\u00fchrt und in Kraft.<\/p>\n<p><strong>ANWENDBARES RECHT:<\/strong>  Social Gewinnspiele und diese Allgemeinen Gewinnspielbedingungen f\u00fcr Gewinnspiele via Social Media unterliegen den Gesetzen des \u00d6sterreich und werden in \u00dcbereinstimmung mit diesen ausgelegt. Sie und wir stimmen alle darin \u00fcberein, dass die Gerichte von \u00d6sterreich eine nicht ausschlie\u00dfliche Zust\u00e4ndigkeit f\u00fcr alle Anspr\u00fcche oder Streitigkeiten haben, die sich aus dem Social Gewinnspiel oder diesen Allgemeinen Gewinnspielbedingungen f\u00fcr Gewinnspiele via Social Media ergeben oder damit zusammenh\u00e4ngen.<\/p>\n<p><strong>FRAGEN: <\/strong> Wenn Sie Fragen zu einem Social Gewinnspiel oder dessen Funktionsweise haben, wenden Sie sich bitte an koenigkunde@treatwell.at<\/a>  oder an (+43) 7 20116 048.<\/p>\n","protected":false},"excerpt":{"rendered":"<p>Allgemeine Gewinnspielbedingungen f\u00fcr Gewinnspiele via Social Media von Treatwell Bitte lesen Sie diese anwendbaren Allgemeinen Gewinnspielbedingungen f\u00fcr Gewinnspiele via Social Media sorgf\u00e4ltig durch, bevor Sie an einem Treatwell-Gewinnspiel \u00fcber Social Media (ein &#8222;Social Gewinnspiel&#8220;) teilnehmen. Wenn Sie mit diesen Allgemeinen Gewinnspielbedingungen f\u00fcr Gewinnspiele via Social Media nicht einverstanden sind, d\u00fcrfen Sie nicht an einem Social&hellip;<\/p>\n","protected":false},"author":117,"featured_media":0,"parent":0,"menu_order":0,"comment_status":"closed","ping_status":"closed","template":"","meta":{"inline_featured_image":false,"footnotes":""},"class_list":["post-8447","page","type-page","status-publish","hentry"],"yoast_head":"<!-- This site is optimized with the Yoast SEO plugin v27.3 - https:\/\/yoast.com\/product\/yoast-seo-wordpress\/ -->\n<title>Allgemeine Gewinnspielbedingungen f\u00fcr Gewinnspiele via Social Media von Treatwell - Treatwell AT<\/title>\n<meta name=\"robots\" content=\"index, follow, max-snippet:-1, max-image-preview:large, max-video-preview:-1\" \/>\n<link rel=\"canonical\" href=\"https:\/\/www.treatwell.at/inspiration\/social-media-geschaftsbedingungen\/\" \/>\n<meta property=\"og:locale\" content=\"de_DE\" \/>\n<meta property=\"og:type\" content=\"article\" \/>\n<meta property=\"og:title\" content=\"Allgemeine Gewinnspielbedingungen f\u00fcr Gewinnspiele via Social Media von Treatwell - Treatwell AT\" \/>\n<meta property=\"og:description\" content=\"Allgemeine Gewinnspielbedingungen f\u00fcr Gewinnspiele via Social Media von Treatwell Bitte lesen Sie diese anwendbaren Allgemeinen Gewinnspielbedingungen f\u00fcr Gewinnspiele via Social Media sorgf\u00e4ltig durch, bevor Sie an einem Treatwell-Gewinnspiel \u00fcber Social Media (ein &#8222;Social Gewinnspiel&#8220;) teilnehmen. Wenn Sie mit diesen Allgemeinen Gewinnspielbedingungen f\u00fcr Gewinnspiele via Social Media nicht einverstanden sind, d\u00fcrfen Sie nicht an einem Social&hellip;\" \/>\n<meta property=\"og:url\" content=\"https:\/\/www.treatwell.at/inspiration\/social-media-geschaftsbedingungen\/\" \/>\n<meta property=\"og:site_name\" content=\"Treatwell AT\" \/>\n<meta property=\"article:modified_time\" content=\"2018-12-19T11:07:55+00:00\" \/>\n<meta name=\"twitter:card\" content=\"summary_large_image\" \/>\n<meta name=\"twitter:label1\" content=\"Gesch\u00e4tzte Lesezeit\" \/>\n\t<meta name=\"twitter:data1\" content=\"8 Minuten\" \/>\n<script type=\"application\/ld+json\" class=\"yoast-schema-graph\">{\"@context\":\"https:\\\/\\\/schema.org\",\"@graph\":[{\"@type\":\"WebPage\",\"@id\":\"https:\\\/\\\/www.treatwell.at/inspiration\\\/social-media-geschaftsbedingungen\\\/\",\"url\":\"https:\\\/\\\/www.treatwell.at/inspiration\\\/social-media-geschaftsbedingungen\\\/\",\"name\":\"Allgemeine Gewinnspielbedingungen f\u00fcr Gewinnspiele via Social Media von Treatwell - Treatwell AT\",\"isPartOf\":{\"@id\":\"https:\\\/\\\/www.treatwell.at/inspiration\\\/#website\"},\"datePublished\":\"2018-12-14T15:37:44+00:00\",\"dateModified\":\"2018-12-19T11:07:55+00:00\",\"breadcrumb\":{\"@id\":\"https:\\\/\\\/www.treatwell.at/inspiration\\\/social-media-geschaftsbedingungen\\\/#breadcrumb\"},\"inLanguage\":\"de-DE\",\"potentialAction\":[{\"@type\":\"ReadAction\",\"target\":[\"https:\\\/\\\/www.treatwell.at/inspiration\\\/social-media-geschaftsbedingungen\\\/\"]}]},{\"@type\":\"BreadcrumbList\",\"@id\":\"https:\\\/\\\/www.treatwell.at/inspiration\\\/social-media-geschaftsbedingungen\\\/#breadcrumb\",\"itemListElement\":[{\"@type\":\"ListItem\",\"position\":1,\"name\":\"Home\",\"item\":\"https:\\\/\\\/www.treatwell.at/inspiration\\\/\"},{\"@type\":\"ListItem\",\"position\":2,\"name\":\"Allgemeine Gewinnspielbedingungen f\u00fcr Gewinnspiele via Social Media von Treatwell\"}]},{\"@type\":\"WebSite\",\"@id\":\"https:\\\/\\\/www.treatwell.at/inspiration\\\/#website\",\"url\":\"https:\\\/\\\/www.treatwell.at/inspiration\\\/\",\"name\":\"Treatwell AT\",\"description\":\"\",\"potentialAction\":[{\"@type\":\"SearchAction\",\"target\":{\"@type\":\"EntryPoint\",\"urlTemplate\":\"https:\\\/\\\/www.treatwell.at/inspiration\\\/?s={search_term_string}\"},\"query-input\":{\"@type\":\"PropertyValueSpecification\",\"valueRequired\":true,\"valueName\":\"search_term_string\"}}],\"inLanguage\":\"de-DE\"}]}<\/script>\n<!-- \/ Yoast SEO plugin. -->","yoast_head_json":{"title":"Allgemeine Gewinnspielbedingungen f\u00fcr Gewinnspiele via Social Media von Treatwell - Treatwell AT","robots":{"index":"index","follow":"follow","max-snippet":"max-snippet:-1","max-image-preview":"max-image-preview:large","max-video-preview":"max-video-preview:-1"},"canonical":"https:\/\/www.treatwell.at/inspiration\/social-media-geschaftsbedingungen\/","og_locale":"de_DE","og_type":"article","og_title":"Allgemeine Gewinnspielbedingungen f\u00fcr Gewinnspiele via Social Media von Treatwell - Treatwell AT","og_description":"Allgemeine Gewinnspielbedingungen f\u00fcr Gewinnspiele via Social Media von Treatwell Bitte lesen Sie diese anwendbaren Allgemeinen Gewinnspielbedingungen f\u00fcr Gewinnspiele via Social Media sorgf\u00e4ltig durch, bevor Sie an einem Treatwell-Gewinnspiel \u00fcber Social Media (ein &#8222;Social Gewinnspiel&#8220;) teilnehmen. Wenn Sie mit diesen Allgemeinen Gewinnspielbedingungen f\u00fcr Gewinnspiele via Social Media nicht einverstanden sind, d\u00fcrfen Sie nicht an einem Social&hellip;","og_url":"https:\/\/www.treatwell.at/inspiration\/social-media-geschaftsbedingungen\/","og_site_name":"Treatwell AT","article_modified_time":"2018-12-19T11:07:55+00:00","twitter_card":"summary_large_image","twitter_misc":{"Gesch\u00e4tzte Lesezeit":"8 Minuten"},"schema":{"@context":"https:\/\/schema.org","@graph":[{"@type":"WebPage","@id":"https:\/\/www.treatwell.at/inspiration\/social-media-geschaftsbedingungen\/","url":"https:\/\/www.treatwell.at/inspiration\/social-media-geschaftsbedingungen\/","name":"Allgemeine Gewinnspielbedingungen f\u00fcr Gewinnspiele via Social Media von Treatwell - Treatwell AT","isPartOf":{"@id":"https:\/\/www.treatwell.at/inspiration\/#website"},"datePublished":"2018-12-14T15:37:44+00:00","dateModified":"2018-12-19T11:07:55+00:00","breadcrumb":{"@id":"https:\/\/www.treatwell.at/inspiration\/social-media-geschaftsbedingungen\/#breadcrumb"},"inLanguage":"de-DE","potentialAction":[{"@type":"ReadAction","target":["https:\/\/www.treatwell.at/inspiration\/social-media-geschaftsbedingungen\/"]}]},{"@type":"BreadcrumbList","@id":"https:\/\/www.treatwell.at/inspiration\/social-media-geschaftsbedingungen\/#breadcrumb","itemListElement":[{"@type":"ListItem","position":1,"name":"Home","item":"https:\/\/www.treatwell.at/inspiration\/"},{"@type":"ListItem","position":2,"name":"Allgemeine Gewinnspielbedingungen f\u00fcr Gewinnspiele via Social Media von Treatwell"}]},{"@type":"WebSite","@id":"https:\/\/www.treatwell.at/inspiration\/#website","url":"https:\/\/www.treatwell.at/inspiration\/","name":"Treatwell AT","description":"","potentialAction":[{"@type":"SearchAction","target":{"@type":"EntryPoint","urlTemplate":"https:\/\/www.treatwell.at/inspiration\/?s={search_term_string}"},"query-input":{"@type":"PropertyValueSpecification","valueRequired":true,"valueName":"search_term_string"}}],"inLanguage":"de-DE"}]}},"_links":{"self":[{"href":"https:\/\/www.treatwell.at\/inspiration\/wp-json\/wp\/v2\/pages\/8447","targetHints":{"allow":["GET"]}}],"collection":[{"href":"https:\/\/www.treatwell.at\/inspiration\/wp-json\/wp\/v2\/pages"}],"about":[{"href":"https:\/\/www.treatwell.at\/inspiration\/wp-json\/wp\/v2\/types\/page"}],"author":[{"embeddable":true,"href":"https:\/\/www.treatwell.at\/inspiration\/wp-json\/wp\/v2\/users\/117"}],"replies":[{"embeddable":true,"href":"https:\/\/www.treatwell.at\/inspiration\/wp-json\/wp\/v2\/comments?post=8447"}],"version-history":[{"count":0,"href":"https:\/\/www.treatwell.at\/inspiration\/wp-json\/wp\/v2\/pages\/8447\/revisions"}],"wp:attachment":[{"href":"https:\/\/www.treatwell.at\/inspiration\/wp-json\/wp\/v2\/media?parent=8447"}],"curies":[{"name":"wp","href":"https:\/\/api.w.org\/{rel}","templated":true}]}}